{"id":32,"date":"2014-10-27T19:35:38","date_gmt":"2014-10-27T17:35:38","guid":{"rendered":"http:\/\/hugo-c.de\/Admin\/?page_id=32"},"modified":"2014-12-04T23:19:01","modified_gmt":"2014-12-04T22:19:01","slug":"aufgepasst-limitierte-aktionen-fuer-leser","status":"publish","type":"page","link":"https:\/\/hugo-c.de\/Admin\/?page_id=32","title":{"rendered":"NEWSLETTER"},"content":{"rendered":"\n<!-- Facebook Like Button Vivacity Infotech BEGIN -->\n<div class=\"fb-like\" data-href=\"https:\/\/hugo-c.de\/Admin\/?page_id=32\" data-layout=\"standard\" data-action=\"like\" data-show-faces=\"false\" data-size=\"small\" data-width=\"450\" data-share=\"\" ><\/div>\n<!-- Facebook Like Button Vivacity Infotech END -->\n<p>&nbsp;<\/p>\n<p>Wollen Sie \u00fcber Hugo C auf dem Laufenden gehalten werden?\u00a0 Als Mitglied meiner Verteilerliste profitieren Sie von regelm\u00e4\u00dfigen Sonderangeboten, erfahren \u00fcber die neuesten Publikationen und Termine und bekommen immer wieder literarische AUfmerksamkeiten. Ihre Daten werden nicht an Dritte weitergegeben.<\/p>\n<p><em>Per E-Mail:<\/em> Klicken Sie einfach auf das Link <span title=\"\" class=\"pep-email\">HugoC(Replace this parenthesis with the @ sign)Hugo-C.de<\/span> und senden Sie mir eine Email mit dem Betreff &#8218;Verteilerliste&#8216;. Wenn Sie aus der Liste gestrichen werden wollen, einfach klicken und &#8218;L\u00f6schung Verteilerliste&#8216; in den Betreff schreiben.<\/p>\n<p><em>Per Kontaktformular:<\/em> Einfach unten Namen und Email-Adresse eintragen und in Betreff &#8218;Verteilerliste&#8216; eintragen.\u00a0 Wenn Sie gestrichen werden wollen, bitte in den Betreff &#8218;L\u00f6schung Verteilerliste&#8216; schreiben.<\/p>\n<p>Es w\u00fcrde mich sehr freuen, Sie bald pers\u00f6nlich begr\u00fc\u00dfen zu d\u00fcrfen.<br \/>\n<script>\n  (function(i,s,o,g,r,a,m){i['GoogleAnalyticsObject']=r;i[r]=i[r]||function(){\n  (i[r].q=i[r].q||[]).push(arguments)},i[r].l=1*new Date();a=s.createElement(o),\n  m=s.getElementsByTagName(o)[0];a.async=1;a.src=g;m.parentNode.insertBefore(a,m)\n  })(window,document,'script','\/\/www.google-analytics.com\/analytics.js','ga');<\/p>\n<p>  ga('create', 'UA-57199051-1', 'auto');\n ga('require', 'displayfeatures'); ga('send', 'pageview');<\/p>\n<p><\/script><br \/>\n<div class=\"twttr_buttons\"><div class=\"twttr_followme\">\n\t\t\t\t\t\t<a href=\"http:\/\/twitter.com\/@HugoC_Thriller\" target=\"_blank\" title=\"Follow me\"><img src=\"http:\/\/hugo-c.de\/Admin\/wp-content\/plugins\/twitter-plugin\/images\/twitter-follow.jpg\" alt=\"Follow me\" \/><\/a>\n\t\t\t\t\t<\/div><\/div><\/p>\n<div class=\"linkedInShareButton\"><script type=\"text\/javascript\" src=\"http:\/\/platform.linkedin.com\/in.js\"><\/script><script type=\"in\/share\" data-url=\"https:\/\/hugo-c.de\/Admin\/?page_id=32\"><\/script><\/div><div class=\"twttr_buttons\"><div class=\"twttr_twitter\">\n\t\t\t\t\t<a href=\"http:\/\/twitter.com\/share?text=NEWSLETTER\" class=\"twitter-share-button\" data-via=\"\" data-hashtags=\"\"  data-size=\"default\" data-url=\"https:\/\/hugo-c.de\/Admin\/?page_id=32\"  data-related=\"\" target=\"_blank\">Tweet<\/a>\n\t\t\t\t<\/div><\/div>","protected":false},"excerpt":{"rendered":"<p>&nbsp; Wollen Sie \u00fcber Hugo C auf dem Laufenden gehalten werden?\u00a0 Als Mitglied meiner Verteilerliste profitieren Sie von regelm\u00e4\u00dfigen Sonderangeboten, erfahren \u00fcber die neuesten Publikationen und Termine und bekommen immer wieder literarische AUfmerksamkeiten. Ihre Daten werden nicht an Dritte weitergegeben. Per E-Mail: Klicken Sie einfach auf das Link HugoC(Replace this parenthesis with the @ sign)Hugo-C.de [&hellip;]<\/p>\n","protected":false},"author":1,"featured_media":0,"parent":0,"menu_order":0,"comment_status":"open","ping_status":"open","template":"","meta":{"_exactmetrics_skip_tracking":false,"_exactmetrics_sitenote_active":false,"_exactmetrics_sitenote_note":"","_exactmetrics_sitenote_category":0},"_links":{"self":[{"href":"https:\/\/hugo-c.de\/Admin\/index.php?rest_route=\/wp\/v2\/pages\/32"}],"collection":[{"href":"https:\/\/hugo-c.de\/Admin\/index.php?rest_route=\/wp\/v2\/pages"}],"about":[{"href":"https:\/\/hugo-c.de\/Admin\/index.php?rest_route=\/wp\/v2\/types\/page"}],"author":[{"embeddable":true,"href":"https:\/\/hugo-c.de\/Admin\/index.php?rest_route=\/wp\/v2\/users\/1"}],"replies":[{"embeddable":true,"href":"https:\/\/hugo-c.de\/Admin\/index.php?rest_route=%2Fwp%2Fv2%2Fcomments&post=32"}],"version-history":[{"count":9,"href":"https:\/\/hugo-c.de\/Admin\/index.php?rest_route=\/wp\/v2\/pages\/32\/revisions"}],"predecessor-version":[{"id":151,"href":"https:\/\/hugo-c.de\/Admin\/index.php?rest_route=\/wp\/v2\/pages\/32\/revisions\/151"}],"wp:attachment":[{"href":"https:\/\/hugo-c.de\/Admin\/index.php?rest_route=%2Fwp%2Fv2%2Fmedia&parent=32"}],"curies":[{"name":"wp","href":"https:\/\/api.w.org\/{rel}","templated":true}]}}