{"id":15,"date":"2014-10-27T17:52:25","date_gmt":"2014-10-27T15:52:25","guid":{"rendered":"http:\/\/hugo-c.de\/Admin\/?page_id=15"},"modified":"2015-06-08T07:59:53","modified_gmt":"2015-06-08T06:59:53","slug":"ueber-hugo-c","status":"publish","type":"page","link":"https:\/\/hugo-c.de\/Admin\/?page_id=15","title":{"rendered":"\u00dcber Hugo C"},"content":{"rendered":"\n<!-- Facebook Like Button Vivacity Infotech BEGIN -->\n<div class=\"fb-like\" data-href=\"https:\/\/hugo-c.de\/Admin\/?page_id=15\" data-layout=\"standard\" data-action=\"like\" data-show-faces=\"false\" data-size=\"small\" data-width=\"450\" data-share=\"\" ><\/div>\n<!-- Facebook Like Button Vivacity Infotech END -->\n<p><em>Q.: Wer verbirgt sich hinter &#8218;Hugo C&#8216;<\/em><\/p>\n<p>A.: Ich bin leidenschaftlich gerne Schriftsteller, aber auch begeisterter Manager. Um die beiden Themen nicht zu vermischen, verwende ich das Pseudonym.<\/p>\n<p>&nbsp;<\/p>\n<p><em>Q.: Ist das Schreiben wirklich ein so unanst\u00e4ndiger Beruf?<\/em><\/p>\n<p>A.: Vielleicht nicht unanst\u00e4ndig, aber definitiv nicht eintr\u00e4glich.<\/p>\n<p>&nbsp;<\/p>\n<p><em>Q.: Warum schreiben Sie?<\/em><\/p>\n<p>A.: Aus dem gleichen Grund, aus dem ich atme. Ich kann nicht anders.<\/p>\n<p>&nbsp;<\/p>\n<p><em>Q.: Ein Besessener?<\/em><\/p>\n<p>A.: Das haben Sie gesagt.<\/p>\n<p>&nbsp;<\/p>\n<p><em>Q.: Erz\u00e4hlen Sie uns etwas \u00fcber den Privatmenschen Hugo C.<\/em><\/p>\n<p>A.: Frau, Kinder, Katze, Haus, Handballplatz, Hier im Allg\u00e4u finde ich die perfekte Idylle mit den Alpen vor der T\u00fcr. Zum Ausgleich brauche ich entsetzliche Verbrechen, getriebene Handelnde und unl\u00f6sbare Probleme.<\/p>\n<p>&nbsp;<\/p>\n<p><em>Q.: Was lesen Sie am liebsten?<\/em><\/p>\n<p>A.: Querbeet. Sehr viel Non-Fiction, besonders Kunstgeschichte, Physik und Pal\u00e4oanthropologie. Dann kommt ein Schwung leichte Literatur, besonders Thriller. Zumeist Amis. Dann wieder Schwieriges, reicht von Thomas Mann bis Murakami. Derzeit besonders Michel Houellebecq.<\/p>\n<p>&nbsp;<\/p>\n<p><em>Q.: Woran schreiben Sie gerade?<\/em><\/p>\n<p>A.: Extrem spannend. Ich verspreche, bald gibt es Neues in diesem Blog<\/p>\n<p>&nbsp;<\/p>\n<p><div class=\"twttr_buttons\"><div class=\"twttr_followme\">\n\t\t\t\t\t\t<a href=\"http:\/\/twitter.com\/@HugoC_Thriller\" target=\"_blank\" title=\"Follow me\"><img src=\"http:\/\/hugo-c.de\/Admin\/wp-content\/plugins\/twitter-plugin\/images\/twitter-follow.jpg\" alt=\"Follow me\" \/><\/a>\n\t\t\t\t\t<\/div><\/div><br \/>\n<script>\/\/ <![CDATA[\n  (function(i,s,o,g,r,a,m){i['GoogleAnalyticsObject']=r;i[r]=i[r]||function(){\n  (i[r].q=i[r].q||[]).push(arguments)},i[r].l=1*new Date();a=s.createElement(o),\n  m=s.getElementsByTagName(o)[0];a.async=1;a.src=g;m.parentNode.insertBefore(a,m)\n  })(window,document,'script','\/\/www.google-analytics.com\/analytics.js','ga');\n\n  ga('create', 'UA-57199051-1', 'auto');\nga('require', 'displayfeatures');  ga('send', 'pageview');\n\n\/\/ ]]><\/script><\/p>\n<div class=\"linkedInShareButton\"><script type=\"text\/javascript\" src=\"http:\/\/platform.linkedin.com\/in.js\"><\/script><script type=\"in\/share\" data-url=\"https:\/\/hugo-c.de\/Admin\/?page_id=15\"><\/script><\/div><div class=\"twttr_buttons\"><div class=\"twttr_twitter\">\n\t\t\t\t\t<a href=\"http:\/\/twitter.com\/share?text=%C3%9Cber+Hugo+C\" class=\"twitter-share-button\" data-via=\"\" data-hashtags=\"\"  data-size=\"default\" data-url=\"https:\/\/hugo-c.de\/Admin\/?page_id=15\"  data-related=\"\" target=\"_blank\">Tweet<\/a>\n\t\t\t\t<\/div><\/div>","protected":false},"excerpt":{"rendered":"<p>Q.: Wer verbirgt sich hinter &#8218;Hugo C&#8216; A.: Ich bin leidenschaftlich gerne Schriftsteller, aber auch begeisterter Manager. Um die beiden Themen nicht zu vermischen, verwende ich das Pseudonym. &nbsp; Q.: Ist das Schreiben wirklich ein so unanst\u00e4ndiger Beruf? A.: Vielleicht nicht unanst\u00e4ndig, aber definitiv nicht eintr\u00e4glich. &nbsp; Q.: Warum schreiben Sie? A.: Aus dem gleichen [&hellip;]<\/p>\n","protected":false},"author":1,"featured_media":0,"parent":0,"menu_order":0,"comment_status":"open","ping_status":"open","template":"","meta":{"_exactmetrics_skip_tracking":false,"_exactmetrics_sitenote_active":false,"_exactmetrics_sitenote_note":"","_exactmetrics_sitenote_category":0},"_links":{"self":[{"href":"https:\/\/hugo-c.de\/Admin\/index.php?rest_route=\/wp\/v2\/pages\/15"}],"collection":[{"href":"https:\/\/hugo-c.de\/Admin\/index.php?rest_route=\/wp\/v2\/pages"}],"about":[{"href":"https:\/\/hugo-c.de\/Admin\/index.php?rest_route=\/wp\/v2\/types\/page"}],"author":[{"embeddable":true,"href":"https:\/\/hugo-c.de\/Admin\/index.php?rest_route=\/wp\/v2\/users\/1"}],"replies":[{"embeddable":true,"href":"https:\/\/hugo-c.de\/Admin\/index.php?rest_route=%2Fwp%2Fv2%2Fcomments&post=15"}],"version-history":[{"count":14,"href":"https:\/\/hugo-c.de\/Admin\/index.php?rest_route=\/wp\/v2\/pages\/15\/revisions"}],"predecessor-version":[{"id":218,"href":"https:\/\/hugo-c.de\/Admin\/index.php?rest_route=\/wp\/v2\/pages\/15\/revisions\/218"}],"wp:attachment":[{"href":"https:\/\/hugo-c.de\/Admin\/index.php?rest_route=%2Fwp%2Fv2%2Fmedia&parent=15"}],"curies":[{"name":"wp","href":"https:\/\/api.w.org\/{rel}","templated":true}]}}